 + 2*a. Is (-5)/(10/j)*5 a prime number?
False
Suppose -11*f + 1 = -10*f, 2*p + 2*f - 116160 = 0. Is p a prime number?
False
Let c(t) = t**2 + 11*t. Let l be c(-8). Let o = l + -23. Let g = o - -81. Is g composite?
True
Let v(t) = 70*t**2 + 3*t - 10. Let x(f) = -f**3 - 4*f**2 + 3. Let d(a) = -a**2 - 11*a + 8. Let n be d(-12). Let r be x(n). Is v(r) a prime number?
False
Suppose -796 = -4*m - 72. Let a = m - -4. Is a prime?
False
Suppose n - 2*h = -4*h + 13, 3*h = 6. Let v be (-3)/(-9) - (-42)/n. Suppose -532 = -v*u + 213. Is u composite?
False
Suppose 0 = x - 1 - 6. Suppose 0 = -x*z + 2*z. Suppose -h - 3 = z, -2*q + q + h + 152 = 0. Is q a prime number?
True
Suppose 7*i = 5*i + 15446. Is i composite?
False
Suppose -385 - 843 = -d. Suppose -12*q - d = -16*q. Is q a prime number?
True
Let c be (-1)/((-2)/282 + 0). Let d(u) = 126*u**3 - 141 + u + c. Is d(1) a composite number?
False
Is 51176/(-8)*15/(-3) composite?
True
Let y(i) = -2*i**3 - 6*i**2 + 3*i + 1. Let p be y(-8). Let b be (-10)/15 + 2732/3. Let r = b - p. Is r a composite number?
False
Let q = 5865 + -3368. Is q composite?
True
Let k(z) = 2895*z**2 - 5*z - 3. Is k(-1) a composite number?
False
Suppose -2*h = -6*h + 48. Let m(c) = 12*c**2 - 3*c - 29. Is m(h) prime?
True
Let i(f) = 5*f + 3*f**2 + 39 - 7*f - 46. Suppose 4*q = q + 12. Is i(q) a prime number?
False
Suppose y + 11 = 3*a, 4*a + y - 11 = -1. Suppose x - 22 = -a. Is x a composite number?
False
Let z(h) = h**2 + h + 37. Let x be (-2 - 0)/(4/(-10)). Let l(w) = 2*w - 10. Let t be l(x). Is z(t) a prime number?
True
Suppose 2*z - 4*b - 5046 = 0, 1945 + 3093 = 2*z + 4*b. Is z a prime number?
True
Let l(m) = 9*m**2 - 15*m - 45. Let t be l(-6). Let j = t + -190. Is j a composite number?
False
Let p(n) be the third derivative of n**6/120 + n**5/15 + n**4/8 + n**3/6 - 5*n**2. Let r be p(-2). Suppose 2*j - 8465 = -r*j. Is j a composite number?
False
Let n(f) = -8*f - 49. Let u be n(-7). Suppose u*d = 514 + 16657. Is d a composite number?
True
Let s = -8 + 11. Let r be (-222)/(-8) + s/12. Is 2/7 - (-1476)/r prime?
True
Suppose -2*p + 5*a = 16, -a - 2*a = p - 3. Let g = p + 5. Suppose -i + 75 = 4*i - 5*m, 22 = g*i - 4*m. Is i prime?
True
Suppose -n + 1233 = 2*h, 3*n - 25 = -2*n. Is h a prime number?
False
Let v be ((-24)/(-18))/(4/(-6)). Let q(t) = -154*t**3 + 4*t**2 + 3*t. Let b be q(v). Suppose -802 = -2*i - d + 41, -3*i + 3*d + b = 0. Is i prime?
True
Let x(v) = 27262*v + 341. Is x(2) prime?
False
Suppose -2 = -g + 4*a, 5*g = -a - 18 - 35. Let o be (228/(-15))/(1/g). Let w = o - -69. Is w a prime number?
False
Let r = 1421 - 898. Is r a composite number?
False
Let o = 555 + -786. Let z = 88 - o. Is z a composite number?
True
Let c be ((-8)/(-30)*-3)/((-18)/(-45)). Is (-23 - -12)*2*1/c composite?
False
Let j be ((-10)/(-30))/((-2)/(-18)). Suppose 4*f - 87 = x, x = -2*x + j. Is f a composite number?
True
Suppose -5*w + 13 + 12 = 0. Suppose -1251 - 1094 = -w*g. Is g composite?
True
Let w(p) be the first derivative of -47*p**2/2 - 4*p + 10. Is w(-9) a prime number?
True
Let y be -11 - -17 - 3*1. Suppose -5*c = u - 23 - 580, -y*u = 5*c - 1769. Is u prime?
False
Let v(q) = -3*q - 44. Let h be v(-16). Suppose -h*r = -4*x - 5916, -8*x - 4435 = -3*r - 4*x. Is r a prime number?
True
Let y be 235/(-2)*8/(-10). Let i = 181 - y. Suppose -68 = -3*m + 4*s - 3*s, 0 = -4*m + 5*s + i. Is m composite?
False
Let g be 22168/(-6) + (3/(-9) - -1). Is 1*g*(-9)/18 prime?
True
Suppose 0 = 4*v + 2*s - 5638, -5*v + 7*v = -5*s + 2823. Is v composite?
False
Suppose 2417 = 4*v + 3*x, -3*v + x = 559 - 2362. Suppose 2*c + 0*c = v. Is c prime?
False
Suppose 2*q + 3*v = 54779, -20*v - 109563 = -4*q - 25*v. Is q a composite number?
False
Suppose -20*l + 10574 = -6966. Is l a prime number?
True
Let s = -26 + 30. Suppose 0 = -s*w + 7*w - 1839. Is w a composite number?
False
Let j(m) be the first derivative of 949*m**2/2 + 35*m + 29. Is j(4) a composite number?
True
Let t be ((-4)/6 - 2)/(3/288). Let f = 255 - t. Is f composite?
True
Let r = -330 + 467. Is r + 2 + -4 - 4 composite?
False
Let l(u) = -70*u + 109. Is l(-4) a prime number?
True
Let w(d) = 37*d**2 - d + 6. Let g be w(5). Let r = -111 + g. Is r composite?
True
Suppose -q + 1806 + 3665 = 0. Is q a prime number?
True
Let r(u) = 6985*u - 38. Is r(7) a composite number?
False
Suppose 5 = -5*f - l - l, -4*f - 4 = -2*l. Let m = f + 3. Suppose 4*q - 320 = -4*t, t - 6*q = -m*q + 90. Is t a composite number?
True
Suppose -c + 2*c = 160. Suppose -c = 3*m + 143. Let u = -67 - m. Is u a prime number?
False
Let v = 1048 + -731. Is v composite?
False
Let r = -17 - -15. Let a be 0 + 0 + r + 1277. Let l = 1916 - a. Is l composite?
False
Suppose x - 6*x = -2*p + 2683, -p = 2*x - 1346. Suppose a + 4*k - 1007 = -2*a, 4*a - p = -5*k. Is a a composite number?
True
Suppose 4*m = -4*q + 1088, -2*m + 5*q + 38 = -492. Let i = 31 + -27. Suppose -m = -i*f + 46. Is f composite?
False
Suppose 4*o + 2*a - 21 + 1 = 0, 16 = 4*a. Suppose 2*m - 55 = o*b, 5*b + m - 5*m + 95 = 0. Let i = b + 29. Is i a prime number?
False
Let j(u) be the first derivative of 2*u**2 + 3*u + 1. Is j(19) a composite number?
False
Suppose -4*r + 3*g = -17, -2*r - 17 = -5*r - 2*g. Suppose -u + 2*c = 6*c - 17, -4*u + 152 = -r*c. Is u a prime number?
False
Suppose -6*f + 26988 = -21894. Is f prime?
True
Suppose 6280 = 5*p - 14285. Suppose d - 902 = -3*j, 4*j = -4*d + p - 529. Is d prime?
False
Suppose 439 = -5*m + 29. Let g = 772 - 533. Let j = m + g. Is j composite?
False
Let f = 36117 - -7588. Is f a composite number?
True
Suppose -4*f = 207 - 1051. Is f composite?
False
Suppose 0*t + 8*t - 86168 = 0. Is t prime?
True
Is (2 - (-1183)/2)*(-2)/(-1) composite?
False
Let a(y) = 6542*y - 5. Is a(1) a prime number?
False
Let u(c) = 29*c**2 + 6*c + 5. Is u(-4) a composite number?
True
Suppose -109*f - 40102 = -111*f. Is f prime?
True
Suppose r - 4194 = -5*b + 2*r, 1688 = 2*b - 3*r. Is b composite?
True
Let c = 13295 - 6846. Is c a prime number?
True
Let o(c) = -c**2 - 11*c + 19. Let a(t) = -t**2 - 5*t + 10. Let x(w) = 7*a(w) - 4*o(w). Let p be x(-7). Let s = -83 - p. Is s prime?
False
Suppose 3*v - 344005 = -4*i, 0*v - 4*i = -3*v + 344021. Is v a prime number?
True
Let y(o) = 950*o**2 - 10*o - 37. Is y(-3) a prime number?
True
Suppose -d = -3*z - 0 + 7, 5*d + 21 = z. Let n(g) = -g + 38. Let b be n(0). Let v = b - z. Is v prime?
True
Suppose 0 = 4*c + 3*a - 11449, a - 5722 = -2*c - a. Is c a prime number?
False
Let m(n) = -5*n**2 - 19*n - 19. Let x be m(-13). Let f = -324 - x. Is f a prime number?
True
Let n(k) = 52*k - 24*k**2 - 10*k**2 + 11 + k**3 - 10*k**2 + 63*k**2. Is n(-15) a composite number?
False
Let r = 116850 - 75422. Is (-16)/(-72) - r/(-36) a composite number?
False
Let t(c) = 42*c**2 - 39*c + 32. Is t(7) composite?
True
Is (7 - 2) + -31 + 6337 composite?
False
Let s be 6/(-10) - 340/100. Is 6/(-12) - 1366/s a composite number?
True
Let w = 16 - 14. Is 1 + 1 - (w + -251) a composite number?
False
Let f be (-4)/18 - (-742)/(-63). Let z be (1 - 1)*(-6)/f. Suppose -2*g = 4*u - 886, 3*u + z*g - 658 = 5*g. Is u a prime number?
False
Let q = -32 - -23. Let f = q + 11. Suppose -3*d + f*c = -281, -c + 196 + 197 = 4*d. Is d a prime number?
True
Let j be (-10)/(-1)*17/34. Suppose -6*u + 5 = -j*u. Suppose -4*o + u*q = -364, -6*o + 455 = -o - 2*q. Is o prime?
False
Suppose -2*a + 3*a + 3 = 5*p, -5*a - 15 = p. Suppose 0 = 3*r + 5*n - 2*n - 282, 4*r - 3*n - 362 = p. Let z = r - 37. Is z composite?
True
Suppose 4*b - 10 = 18. Suppose b*n + 380 = 3*n. Let l = 146 + n. Is l a composite number?
True
Let p(i) be the first derivative of -i**2 + 4*i - 40. Suppose -5*g + 4*n - 20 = -g, 4*g + 4 = -4*n. Is p(g) a prime number?
False
Let z(g) = 246*g**2 + 2*g - 1. Suppose -5*m = -4*b + 29, 13 = -2*b - 3*m - 0. Let l be z(b). Let f = l - 84. Is f a composite number?
False
Let c = -33 - -131. Let i = c + -45. Is i composite?
False
Suppose 3*p = -j + 2*p - 32, 5*p = j + 50. Let w be j/4 - 18/(-24). Let y(g) = -g**3 + 7*g - 7. Is y(w) prime?
True
Suppose 1410 = -0*t + 3*t. Let r = -93 + t. Is r a prime number?
False
Let s = -62 + 20. Let h = 79 + s. Is h composite?
False
Let g(t) = t**2 + 5*t. Let x be g(-5). Suppose x = -4*q + 4 - 120. Let s = -10 - q. Is s prime?
True
Let c(b) = -b**3 - 6*